{"id":9,"date":"2016-04-22T15:19:20","date_gmt":"2016-04-22T15:19:20","guid":{"rendered":"http:\/\/geodezjajg.pl\/?page_id=9"},"modified":"2024-06-14T10:46:54","modified_gmt":"2024-06-14T10:46:54","slug":"o-nas","status":"publish","type":"page","link":"https:\/\/geodezjajg.pl\/index.php\/o-nas\/","title":{"rendered":"O NAS"},"content":{"rendered":"<p><span style=\"font-size: 18px;\">Biuro Geodezyjne WEKTOR \u015bwiadczy us\u0142ugi w zakresie szeroko rozumianej geodezji, niezb\u0119dnych na wszystkich etapach realizowanej inwestycji. Zajmujemy si\u0119 mi\u0119dzy innymi pracami z zakresu: geodezyjna obs\u0142uga inwestycji, mapy do cel\u00f3w projektowych, wznowienia znak\u00f3w granicznych, podzia\u0142y nieruchomo\u015bci, pomiary sytuacyjno-wysoko\u015bciowe, wytyczeniem oraz inwentaryzacj\u0105 budynk\u00f3w i budowli, aktualizacj\u0105 ewidencji grunt\u00f3w i budynk\u00f3w oraz pozosta\u0142ych zada\u0144 zwi\u0105zanych z geodezj\u0105<\/span><span style=\"font-size: 18px;\">. <\/span><\/p>\n<p><span style=\"font-size: 18px;\">Dzi\u0119ki zastosowaniu nowoczesnego sprz\u0119tu oraz zebranego do\u015bwiadczenia jeste\u015bmy w stanie poradzi\u0107 sobie z najwi\u0119kszymi wyzwaniami.<br \/>\n<\/span><\/p>\n","protected":false},"excerpt":{"rendered":"<p>Biuro Geodezyjne WEKTOR \u015bwiadczy us\u0142ugi w zakresie szeroko rozumianej geodezji, niezb\u0119dnych na wszystkich etapach realizowanej inwestycji. Zajmujemy si\u0119 mi\u0119dzy innymi pracami z zakresu: geodezyjna obs\u0142uga inwestycji, mapy do cel\u00f3w projektowych, wznowienia znak\u00f3w granicznych, podzia\u0142y nieruchomo\u015bci, pomiary sytuacyjno-wysoko\u015bciowe, wytyczeniem oraz inwentaryzacj\u0105 budynk\u00f3w i budowli, aktualizacj\u0105 ewidencji grunt\u00f3w i budynk\u00f3w oraz pozosta\u0142ych zada\u0144 zwi\u0105zanych z geodezj\u0105. Dzi\u0119ki&#8230; <\/p>\n","protected":false},"author":1,"featured_media":0,"parent":0,"menu_order":0,"comment_status":"closed","ping_status":"closed","template":"no-sidebar.php","meta":{"_monsterinsights_skip_tracking":false,"_monsterinsights_sitenote_active":false,"_monsterinsights_sitenote_note":"","_monsterinsights_sitenote_category":0,"ngg_post_thumbnail":0,"footnotes":""},"class_list":["post-9","page","type-page","status-publish","hentry"],"_links":{"self":[{"href":"https:\/\/geodezjajg.pl\/index.php\/wp-json\/wp\/v2\/pages\/9"}],"collection":[{"href":"https:\/\/geodezjajg.pl\/index.php\/wp-json\/wp\/v2\/pages"}],"about":[{"href":"https:\/\/geodezjajg.pl\/index.php\/wp-json\/wp\/v2\/types\/page"}],"author":[{"embeddable":true,"href":"https:\/\/geodezjajg.pl\/index.php\/wp-json\/wp\/v2\/users\/1"}],"replies":[{"embeddable":true,"href":"https:\/\/geodezjajg.pl\/index.php\/wp-json\/wp\/v2\/comments?post=9"}],"version-history":[{"count":12,"href":"https:\/\/geodezjajg.pl\/index.php\/wp-json\/wp\/v2\/pages\/9\/revisions"}],"predecessor-version":[{"id":400,"href":"https:\/\/geodezjajg.pl\/index.php\/wp-json\/wp\/v2\/pages\/9\/revisions\/400"}],"wp:attachment":[{"href":"https:\/\/geodezjajg.pl\/index.php\/wp-json\/wp\/v2\/media?parent=9"}],"curies":[{"name":"wp","href":"https:\/\/api.w.org\/{rel}","templated":true}]}}