{"id":119,"date":"2016-07-17T08:16:07","date_gmt":"2016-07-17T08:16:07","guid":{"rendered":"http:\/\/geodezjajg.pl\/?page_id=119"},"modified":"2024-06-14T10:45:50","modified_gmt":"2024-06-14T10:45:50","slug":"geodezyjna-obsluga-budowy","status":"publish","type":"page","link":"https:\/\/geodezjajg.pl\/index.php\/geodezyjna-obsluga-budowy\/","title":{"rendered":"Geodezyjna obs\u0142uga budowy"},"content":{"rendered":"\n<p style=\"font-size:18px\">Wa\u017cn\u0105 cz\u0119\u015bci\u0105 naszej dzia\u0142alno\u015bci s\u0105 prace zwi\u0105zane z budownictwem. Zebrane w ci\u0105gu wielu lat do\u015bwiadczenie oraz nowoczesny sprz\u0119t pomiarowy mo\u017cemy wykorzysta\u0107 przy realizacji prac pomiarowych zwi\u0105zanych z budow\u0105 i monta\u017cem obiekt\u00f3w budowlanych. Nasi geodeci posiadaj\u0105 uprawnienia z zakresu 4 &#8220;geodezyjna obs\u0142uga inwestycji&#8221; co pozwala nam na podejmowanie prac zwi\u0105zanych zar\u00f3wno z budownictwem jednorodzinnym, kubaturowym oraz przemys\u0142owym.<\/p>\n","protected":false},"excerpt":{"rendered":"<p>Wa\u017cn\u0105 cz\u0119\u015bci\u0105 naszej dzia\u0142alno\u015bci s\u0105 prace zwi\u0105zane z budownictwem. Zebrane w ci\u0105gu wielu lat do\u015bwiadczenie oraz nowoczesny sprz\u0119t pomiarowy mo\u017cemy wykorzysta\u0107 przy realizacji prac pomiarowych zwi\u0105zanych z budow\u0105 i monta\u017cem obiekt\u00f3w budowlanych. Nasi geodeci posiadaj\u0105 uprawnienia z zakresu 4 &#8220;geodezyjna obs\u0142uga inwestycji&#8221; co pozwala nam na podejmowanie prac zwi\u0105zanych zar\u00f3wno z budownictwem jednorodzinnym, kubaturowym oraz&#8230; <\/p>\n","protected":false},"author":1,"featured_media":0,"parent":0,"menu_order":0,"comment_status":"closed","ping_status":"closed","template":"no-sidebar.php","meta":{"_monsterinsights_skip_tracking":false,"_monsterinsights_sitenote_active":false,"_monsterinsights_sitenote_note":"","_monsterinsights_sitenote_category":0,"ngg_post_thumbnail":0,"footnotes":""},"class_list":["post-119","page","type-page","status-publish","hentry"],"_links":{"self":[{"href":"https:\/\/geodezjajg.pl\/index.php\/wp-json\/wp\/v2\/pages\/119"}],"collection":[{"href":"https:\/\/geodezjajg.pl\/index.php\/wp-json\/wp\/v2\/pages"}],"about":[{"href":"https:\/\/geodezjajg.pl\/index.php\/wp-json\/wp\/v2\/types\/page"}],"author":[{"embeddable":true,"href":"https:\/\/geodezjajg.pl\/index.php\/wp-json\/wp\/v2\/users\/1"}],"replies":[{"embeddable":true,"href":"https:\/\/geodezjajg.pl\/index.php\/wp-json\/wp\/v2\/comments?post=119"}],"version-history":[{"count":11,"href":"https:\/\/geodezjajg.pl\/index.php\/wp-json\/wp\/v2\/pages\/119\/revisions"}],"predecessor-version":[{"id":267,"href":"https:\/\/geodezjajg.pl\/index.php\/wp-json\/wp\/v2\/pages\/119\/revisions\/267"}],"wp:attachment":[{"href":"https:\/\/geodezjajg.pl\/index.php\/wp-json\/wp\/v2\/media?parent=119"}],"curies":[{"name":"wp","href":"https:\/\/api.w.org\/{rel}","templated":true}]}}