{"id":112,"date":"2016-07-17T07:51:29","date_gmt":"2016-07-17T07:51:29","guid":{"rendered":"http:\/\/geodezjajg.pl\/?page_id=112"},"modified":"2024-06-14T10:46:41","modified_gmt":"2024-06-14T10:46:41","slug":"mapy-do-celow-projektowych","status":"publish","type":"page","link":"https:\/\/geodezjajg.pl\/index.php\/mapy-do-celow-projektowych\/","title":{"rendered":"Mapy do cel\u00f3w projektowych"},"content":{"rendered":"\n<p style=\"font-size:18px\">Mapa do cel\u00f3w projektowych jest opracowaniem powsta\u0142ym na bazie mapy zasadniczej, s\u0142u\u017cy na etapie projektowania jako za\u0142\u0105cznik do projektu architektoniczno-budowlanego, jest niezb\u0119dna do uzyskania pozwolenia na budow\u0119, wykorzystuj\u0119 si\u0119 j\u0105 r\u00f3wnie\u017c przy projektowaniu przy\u0142\u0105czy sieci do budynku. Dostosowuj\u0105c si\u0119 do wymaga\u0144 klienta, na \u017cyczenie istnieje mo\u017cliwo\u015b\u0107 umieszczenia tre\u015bci dodatkowej na mapie. Mapa do cel\u00f3w projektowych mo\u017ce wyst\u0119powa\u0107 w formie numerycznej (cyfrowej) lub standardowej (analogowej).<\/p>\n\n\n\n<h4 class=\"wp-block-heading\">Proces tworzenia mapy do cel\u00f3w projektowych:<\/h4>\n\n\n\n<p style=\"font-size:18px\">1. Nale\u017cy przekaza\u0107 nam informacje dotycz\u0105ce po\u0142o\u017cenia dzia\u0142ki (miejscowo\u015b\u0107, obr\u0119b, nr dzia\u0142ki) oraz uzgodni\u0107 zakres aktualizacji mapy dla inwestycji oraz informacje o szczeg\u00f3lnych warunkach lub dodatkowych pomiarach, je\u017celi s\u0105 potrzebne.<\/p>\n\n\n\n<p style=\"font-size:18px\">2. Po uzyskaniu od Pa\u0144stwa tych informacji zg\u0142aszamy prac\u0119 geodezyjn\u0105 w odpowiednim, Powiatowym O\u015brodku Dokumentacji Geodezyjnej i Kartograficznej.<\/p>\n\n\n\n<p style=\"font-size:18px\">3. Posiadaj\u0105c materia\u0142y otrzymane z O\u015brodka wykonujemy por\u00f3wnanie otrzymanych danych z terenem, oraz aktualizacj\u0119 mapy zasadniczej. Pomiarowi podlegaj\u0105 wysoko\u015bci terenu, skarpy, drzewa oraz inne elementy naziemne oraz nadziemne nie wyst\u0119puj\u0105ce na mapie.<\/p>\n\n\n\n<p style=\"font-size:18px\">4. W trakcie tworzenia mapy do cel\u00f3w projektowych sprawdzamy czy w ustalonym zakresie aktualizacji mapy znajduj\u0105 si\u0119 projektowane sieci uzbrojenia terenu. Umieszczamy niezb\u0119dne informacje z Miejscowego Planu Zagospodarowania Przestrzennego, je\u015bli w danym miejscu obowi\u0105zuje taki plan. Ustalamy, czy dla danej dzia\u0142ki wyst\u0119puj\u0105 s\u0142u\u017cebno\u015bci gruntowe.<\/p>\n\n\n\n<p style=\"font-size:18px\">5. Sporz\u0105dzon\u0105 dokumentacj\u0119 przekazujemy do O\u015brodka w celu weryfikacji poprawno\u015bci.<\/p>\n\n\n\n<p style=\"font-size:18px\">6. Po uzyskaniu pozytywnego protoko\u0142u weryfikacji mog\u0105 Pa\u0144stwo odebra\u0107 od nas gotow\u0105 map\u0119 do cel\u00f3w projektowych opatrzon\u0105 wymaganymi klauzulami.<\/p>\n","protected":false},"excerpt":{"rendered":"<p>Mapa do cel\u00f3w projektowych jest opracowaniem powsta\u0142ym na bazie mapy zasadniczej, s\u0142u\u017cy na etapie projektowania jako za\u0142\u0105cznik do projektu architektoniczno-budowlanego, jest niezb\u0119dna do uzyskania pozwolenia na budow\u0119, wykorzystuj\u0119 si\u0119 j\u0105 r\u00f3wnie\u017c przy projektowaniu przy\u0142\u0105czy sieci do budynku. Dostosowuj\u0105c si\u0119 do wymaga\u0144 klienta, na \u017cyczenie istnieje mo\u017cliwo\u015b\u0107 umieszczenia tre\u015bci dodatkowej na mapie. Mapa do cel\u00f3w projektowych&#8230; <\/p>\n","protected":false},"author":1,"featured_media":263,"parent":0,"menu_order":0,"comment_status":"closed","ping_status":"closed","template":"no-sidebar.php","meta":{"_monsterinsights_skip_tracking":false,"_monsterinsights_sitenote_active":false,"_monsterinsights_sitenote_note":"","_monsterinsights_sitenote_category":0,"ngg_post_thumbnail":0,"footnotes":""},"class_list":["post-112","page","type-page","status-publish","has-post-thumbnail","hentry"],"_links":{"self":[{"href":"https:\/\/geodezjajg.pl\/index.php\/wp-json\/wp\/v2\/pages\/112"}],"collection":[{"href":"https:\/\/geodezjajg.pl\/index.php\/wp-json\/wp\/v2\/pages"}],"about":[{"href":"https:\/\/geodezjajg.pl\/index.php\/wp-json\/wp\/v2\/types\/page"}],"author":[{"embeddable":true,"href":"https:\/\/geodezjajg.pl\/index.php\/wp-json\/wp\/v2\/users\/1"}],"replies":[{"embeddable":true,"href":"https:\/\/geodezjajg.pl\/index.php\/wp-json\/wp\/v2\/comments?post=112"}],"version-history":[{"count":5,"href":"https:\/\/geodezjajg.pl\/index.php\/wp-json\/wp\/v2\/pages\/112\/revisions"}],"predecessor-version":[{"id":262,"href":"https:\/\/geodezjajg.pl\/index.php\/wp-json\/wp\/v2\/pages\/112\/revisions\/262"}],"wp:featuredmedia":[{"embeddable":true,"href":"https:\/\/geodezjajg.pl\/index.php\/wp-json\/wp\/v2\/media\/263"}],"wp:attachment":[{"href":"https:\/\/geodezjajg.pl\/index.php\/wp-json\/wp\/v2\/media?parent=112"}],"curies":[{"name":"wp","href":"https:\/\/api.w.org\/{rel}","templated":true}]}}